2, what is -1101 + -10?
-1111
In base 16, what is -1ec - -4?
-1e8
In base 2, what is -10 + -1010001011?
-1010001101
In base 8, what is -2 - -72?
70
In base 2, what is 110000 + -11011?
10101
In base 15, what is 3 - -e5?
e8
In base 6, what is 22 + 1?
23
In base 13, what is 0 - -197?
197
In base 8, what is 5 + 4263?
4270
In base 6, what is 52 - -45?
141
In base 11, what is -8 + 17?
a
In base 9, what is 210 + 0?
210
In base 3, what is -211012 - -21?
-210221
In base 11, what is 2a - -66?
95
In base 10, what is -6 + 944?
938
In base 6, what is 55 + 10?
105
In base 2, what is 11011 - 1001110?
-110011
In base 11, what is -3 + 33?
30
In base 9, what is 4283 - -4?
4287
In base 13, what is 3 - -688?
68b
In base 2, what is 110 - -100101?
101011
In base 15, what is -3 - -20?
1c
In base 11, what is 1a + -19?
1
In base 7, what is 2 - 2554?
-2552
In base 8, what is 14 + -133?
-117
In base 9, what is 4 + -85?
-81
In base 13, what is 43b - 3?
438
In base 4, what is -11 + -320?
-331
In base 8, what is -6255 + 1?
-6254
In base 10, what is 14556 - -3?
14559
In base 8, what is -5451 - -4?
-5445
In base 6, what is -4 + -1250?
-1254
In base 7, what is 5 - -1114?
1122
In base 13, what is -c + 272?
263
In base 15, what is -169 - -1?
-168
In base 3, what is 212020 - 11?
212002
In base 16, what is -1d7 + -6?
-1dd
In base 12, what is -5 - 66?
-6b
In base 5, what is -2 - -1130?
1123
In base 2, what is 100010001 - -100?
100010101
In base 8, what is -10316 + -1?
-10317
In base 16, what is -9 - b?
-14
In base 16, what is -5 - -eff?
efa
In base 13, what is 51 - -2?
53
In base 2, what is -1000111111 - 111?
-1001000110
In base 11, what is 674 + 5?
679
In base 5, what is 33 + -1?
32
In base 7, what is -25 + 143?
115
In base 3, what is -11 - 222210?
-222221
In base 12, what is 2560 - -1?
2561
In base 7, what is -43 - 26?
-102
In base 13, what is 3 - b2c?
-b29
In base 10, what is -118 + 4?
-114
In base 15, what is -3 + -2dc?
-2e0
In base 8, what is -17 - 403?
-422
In base 9, what is 3782 - -2?
3784
In base 5, what is 34103 + -2?
34101
In base 10, what is 32 + -47?
-15
In base 13, what is 40 - 1c7?
-187
In base 15, what is 5 + 2b9?
2be
In base 3, what is -11 - -2021?
2010
In base 12, what is -b6 + 3?
-b3
In base 8, what is 1512 - -2?
1514
In base 3, what is 122200 - -222?
200122
In base 6, what is -1114 - -1?
-1113
In base 3, what is -11010 + -12012?
-100022
In base 8, what is 230 - -41?
271
In base 4, what is -1003000 + 11?
-1002323
In base 10, what is -388 + 10?
-378
In base 8, what is 47 - -3?
52
In base 3, what is 10021222 - -22?
10022021
In base 15, what is -2 + -5e9?
-5eb
In base 15, what is -5 + -221?
-226
In base 14, what is 1 + 720?
721
In base 3, what is 12 + 1200122?
1200211
In base 7, what is -612 + 10?
-602
In base 3, what is -10 + -1121?
-1201
In base 7, what is 11202 - -3?
11205
In base 6, what is -1 + 1150?
1145
In base 14, what is -4 - -bc?
b8
In base 16, what is -1 - b?
-c
In base 9, what is -331 + -5?
-336
In base 15, what is 1c + -3?
19
In base 6, what is -5 - -10501?
10452
In base 8, what is -2363 - 3?
-2366
In base 16, what is -52 - -1c?
-36
In base 12, what is 81a - 13?
807
In base 15, what is 5 - 2e7?
-2e2
In base 5, what is 22 - 100?
-23
In base 16, what is 2 - 2e?
-2c
In base 12, what is 3 + -721?
-71a
In base 11, what is 72 + 40?
102
In base 5, what is -2 - 434?
-441
In base 15, what is -3 - -36?
33
In base 5, what is -2113 + -2?
-2120
In base 15, what is d0 + b?
db
In base 4, what is 123 - 10?
113
In base 7, what is -5 + -1416?
-1424
In base 3, what is -2 + 2001?
1222
In base 15, what is -3 + 249?
246
In base 16, what is -145 + 10?
-135
In base 14, what is -22 + -4?
-26
In base 10, what is 5 + -70?
-65
In base 10, what is -13 + 928?
915
In base 10, what is 1 + 49?
50
In base 4, what is -2 + -11001?
-11003
In base 7, what is 2 - 241?
-236
In base 6, what is 1345 + -15?
1330
In base 15, what is 4 - 782?
-77d
In base 13, what is -1 + -1bab?
-1bac
In base 12, what is 5 + b?
14
In base 8, what is -60 - 4?
-64
In base 8, what is 0 - 265?
-265
In base 4, what is 0 - -12130?
12130
In base 2, what is 1001000011010 + -100?
1001000010110
In base 10, what is 208 - 2?
206
In base 16, what is 359 + 0?
359
In base 9, what is 8600 - 0?
8600
In base 12, what is -5 + 6?
1
In base 9, what is -3 + 283?
280
In base 10, what is 107 - -3?
110
In base 4, what is 302320 + -11?
302303
In base 6, what is 3 + 2434?
2441
In base 13, what is -38 - -282?
247
In base 3, what is -112121 - 201?
-120022
In base 2, what is -1 + -1010101101?
-1010101110
In base 5, what is -34 + 1240?
1201
In base 3, what is 1 - 2112?
-2111
In base 15, what is 8119 - 1?
8118
In base 9, what is 4 - -1457?
1462
In base 12, what is 10b62 - -1?
10b63
In base 4, what is 2102 - 31?
2011
In base 11, what is -81 - 1?
-82
In base 11, what is 93 + 0?
93
In base 13, what is 8 + -24?
-19
In base 8, what is 43 + 36?
101
In base 10, what is 88 + -1?
87
In base 3, what is 1 + -20222110?
-20222102
In base 5, what is 13 + -14?
-1
In base 9, what is 0 - 10?
-10
In base 3, what is -22110 + 1?
-22102
In base 12, what is 8 - -20?
28
In base 11, what is 147 + -4?
143
In base 15, what is -9 - 31b?
-325
In base 16, what is 2 + 5db?
5dd
In base 15, what is -4 + -b?
-10
In base 13, what is -28c - 0?
-28c
In base 12, what is 0 - -13?
13
In base 7, what is -4 - -1522?
1515
In base 13, what is 8 - -108?
113
In base 7, what is -22 - 166?
-221
In base 5, what is -10 + -232?
-242
In base 5, what is -1 + 12?
11
In base 12, what is 317 - -4?
31b
In base 16, what is -453 + 1?
-452
In base 11, what is 1 - 3a?
-39
In base 11, what is -3 - a9?
-101
In base 12, what is 61 - 2?
5b
In base 4, what is 11031 + 20?
11111
In base 16, what is -485 - 4?
-489
In base 16, what is -4 - -b7?
b3
In base 7, what is 0 + 1202?
1202
In base 13, what is -5 - -246?
241
In base 9, what is -8 - 718?
-727
In base 11, what is 33 + 66?
99
In base 15, what is 146 - -2?
148
In base 3, what is -101 - -20220?
20112
In base 13, what is -5 + -85?
-8a
In base 16, what is -28e1 - -5?
-28dc
In base 14, what is -22d6 - 3?
-22d9
In base 8, what is -1466 + 3?
-1463
In base 2, what is -10 - -11001001111?
11001001101
In base 7, what is -4 + 2114?
2110
In base 12, what is b7 + 8?
103
In base 14, what is -a1 + 4?
-9b
In base 15, what is 4 + -a3?
-9e
In base 7, what is -3330 - 32?
-3362
In base 3, what is 2222 - -10?
10002
In base 2, what is 10110111 - -1?
10111000
In base 10, what is -4 - -56?
52
In base 15, what is -d8 - 0?
-d8
In base 12, what is 11 + -41?
-30
In base 6, what is 1 - -104?
105
In base 10, what is 1 - 268?
-267
In base 3, what is 0 - -10010?
10010
In base 14, what is 196 - 3?
193
In base 7, what is 561 - 16?
542
In base 14, what is 596 + -4?
592
In base 13, what is -147 - 1?
-148
In base 13, what is -26 - 6?
-2c
In base 14, what is -6187 + -1?
-6188
In base 2, what is -1111 - 1101100?
-1111011
In base 7, what is 4 - -1421?
1425
In base 9, what is -4 + 220?
215
In base 16, what is -ff + -6?
-105
In base 9, what is 173 + -3?
170
In base 7, what is -4415 - 6?
-4424
In base 13, what is -56c + 5?
-567
In base 13, what is -636 - -3?
-633
In base 8, what is 7 - 473?
-464
In base 13, what is -152c + 1?
-152b
In base 15, what is b + 4?
10
In base 9, what is 2 - -3722?
3724
In base 3, what is 1 - 22022?
-22021
In base 4, what is -12 - -2?
-10
In base 6, what is -15 - 4?
-23
In base 3, what is -2002 + 1?
-2001
In base 8, what is -2 + 14656?
14654
In base 6, what is -10 + -2255?
-2305
In base 4, what is 12210 + 31?
12301
In base 15, what is 145 - 4?
141
In base 2, what is -100000 - 1001111?
-1101111
In base 3, what is -122 + 10221?
10022
In base 12, what is -11 + -b0?
-101
In base 13, what is -4 - -14?
10
In base 10, what is 152 - -2?
154
In base 2, what is 10110 + 1111?
100101
In base 11, what is -185 - -7?
-179
In base 3, what is -212122 + -11?
-212210
In base 14, what is -b4 - 3?
-b7
In base 2, what is -10110 + 11?
-10011
In base 6, what is 4041 - 4?
4033
In base 8, what is 0 + 1236?
1236
In base 6, what is -242 - 0?
-242
In base 8, what is 1015 - 47?
746
In base 9, what is 3321 - -11?
3332
In base 6, what is 301235 - -5?
301244
In base 2, what is -1001101 - -101?
-1001000
In base 12, what is -2 - 79?
-7b
In base 11, what is -124 + -5?
-129
In base 13, what is 1199 - -4?
11